8*g + 5. Let j(v) = -6*q(v) - t(v). Is j(-14) a composite number?
True
Suppose -51*r + 47*r = -305332. Is r composite?
False
Let r(l) = -106*l - 5. Let w(u) = 4*u**2 - u. Let v be w(1). Suppose 7 = -y + v. Is r(y) prime?
True
Let n = -17 + 1204. Is n composite?
False
Suppose -3*r + 4*r + 3761 = 3*q, 5*q - 6259 = 4*r. Is q composite?
True
Suppose 2*a - 5*y + 2789 = 3*a, 8421 = 3*a - 3*y. Suppose 3*m = a + 2167. Is m prime?
True
Let f = -2793 + 6102. Is f a composite number?
True
Let o(f) = -4*f**3 + 3*f**2 - f - 15. Is o(-7) prime?
True
Suppose 4*t - 33145 = 212*y - 211*y, 3*y = 9. Is t a prime number?
True
Let u = 21 - 27. Let a be (-27)/u + 1/2. Suppose h = a, 19 = -5*j + 3*h + 54. Is j composite?
True
Suppose q - 57*g = -53*g + 2092, -6346 = -3*q - 2*g. Suppose -3*x + x = 1802. Let i = x + q. Is i prime?
False
Let m(s) = 165*s**2 - 19*s - 17. Is m(-12) composite?
False
Suppose 5*u - 22 = 3. Suppose 5*i = -5*r + 550, 4*i + 13 = u. Let q = -57 + r. Is q a composite number?
True
Suppose -3*z + 102 + 18 = 0. Let v = -38 + z. Is (56 - 6) + (v - 1) prime?
False
Suppose -396 = 2*k + 5*n - 3690, 2*k = -2*n + 3282. Is k prime?
True
Suppose 2*i + 3*g - 2691 = 0, 4*i = 3*i - 5*g + 1356. Suppose 0 = -2*w + i + 2029. Is w a composite number?
True
Let n be (30/(-12))/(1/(-2)). Suppose -18482 = -n*q - b, 0*b - 3*b - 7403 = -2*q. Is q composite?
False
Let t(j) be the second derivative of 119*j**3/2 - 11*j**2/2 - 9*j. Let x be t(-11). Is 5/(-10)*x + 4 prime?
True
Let k = 40 + 87. Is k composite?
False
Let d(v) = -v**3 - 3*v**2 + 2*v - 4. Let c be d(-5). Let j = 51 + c. Suppose -3*k + 6 + j = 0. Is k a composite number?
False
Suppose 5549 - 1870 = f - 2*w, 0 = -2*f + 5*w + 7356. Is f composite?
True
Let w = -680 + 423. Let i = -41 - w. Suppose -o - 89 = -4*m + i, -o + 3 = 0. Is m a composite number?
True
Let k = 15 - 15. Let z be 0 - (0 - k)/(-4). Suppose z*h - h + 584 = n, 4*n + 5*h - 2339 = 0. Is n prime?
False
Let h(n) = -n**3 + 11*n**2 - 11*n + 14. Suppose -2*r = -q - 18, 3*r - q = 2*q + 24. Let c be h(r). Is ((-4)/8)/(c/(-664)) composite?
False
Let z(y) = 150*y**2 - y - 2. Let i(d) be the first derivative of d**4/4 - 7*d**3/3 + 7*d**2/2 - 7*d - 6. Let t be i(6). Is z(t) prime?
True
Let i(z) be the third derivative of 5*z**6/24 + z**4/24 + z**3/6 - 3*z**2. Let p(w) be the first derivative of i(w). Is p(-2) a composite number?
True
Let r be (-6)/(-5)*10/4. Is ((1138 + -1)/r)/1 a prime number?
True
Suppose 3*s = 8 + 4. Suppose s*z + 2752 = -0*v - 3*v, 911 = -v + 5*z. Let i = v - -1407. Is i a composite number?
False
Suppose 16 = 2*s + 6. Is (s - 3 - -521) + -4 a prime number?
False
Let k(a) = 16017*a + 689. Is k(5) composite?
True
Let d(c) = 33*c**2 + 11*c + 9. Let i(r) = 17*r**2 + 5*r + 4. Let l(a) = -4*d(a) + 7*i(a). Let b be l(7). Let u = 1037 + b. Is u a composite number?
True
Suppose -14473 + 4210 = 5*b + 4*c, -2*c - 4106 = 2*b. Let k = 676 + b. Let n = k - -2240. Is n a composite number?
True
Let p be 2/7 + 12/(-42). Suppose p = 4*h - 0*h + 680. Let u = 297 + h. Is u prime?
True
Let z = -7437 - -16846. Is z a prime number?
False
Suppose -12*j + 20 = -10*j. Suppose 0 = 9*m - j*m + 293. Is m a composite number?
False
Let k(w) = 3*w**2 + 4*w - 9. Let s be k(6). Let m = 124 + -53. Let p = m + s. Is p a prime number?
False
Suppose 4*b - 1 + 8 = 3*a, -4*b + 4*a - 4 = 0. Is b/(-1) + -8 + 2309 a composite number?
True
Suppose 6 = -4*y + m, 2*y = -5*m + m + 6. Is y + -1420*1/(-2) a prime number?
True
Let d be ((-1)/4)/((-70)/240)*35. Let i = 329 - d. Is i a prime number?
False
Suppose q = 5*n - 7*n + 401, -n - 822 = -2*q. Is q composite?
False
Suppose 44*y = -4941623 + 11939691. Is y a composite number?
True
Let h(s) be the second derivative of 0 + 19*s**2 - 1/6*s**3 + 2*s + 1/12*s**4. Is h(0) prime?
False
Suppose l - 802 = -3*x, 4*x + 4*l - 282 = 3*x. Let o = x + 3. Is o a prime number?
True
Let f be (-4)/(-16)*2*0. Let w be (-5)/(-5)*(f + 494). Suppose 4*t + w = 2*m, 0*m = -2*m + 5*t + 492. Is m prime?
True
Let m = -90 - -148. Let b(c) = c**2 - 3*c - 3. Let r be b(5). Let y = r + m. Is y composite?
True
Let r(h) be the first derivative of 4 + 0*h - 3/2*h**2. Is r(-1) a prime number?
True
Suppose 0 = 5*s - 3*d - d - 41435, 0 = 5*d. Is s a composite number?
False
Let q be 0 + (30/5 - 2). Suppose 5*z - 2947 = 4*u - 7100, q*u - 4180 = -4*z. Is u a composite number?
True
Is 35159 + -1 - (-72 + 81) composite?
False
Let a = -7103 + 12142. Is a a prime number?
True
Let p be 287 + (-6)/(1 + 1). Let w = 579 - p. Is w a composite number?
True
Let u = 40652 + -27261. Is u a prime number?
False
Let m be (1 - -47) + 0/1. Let c = m - 448. Let l = -197 - c. Is l prime?
False
Let j(m) = 8*m**3 - m**2 + m + 1. Let f be j(-1). Let x(u) = 55*u**2 + 2*u + 55*u**2 + 8 - 109*u**2. Is x(f) a composite number?
False
Suppose -11391 - 2141 = -4*f. Let q = f + -1548. Is q prime?
False
Let o = -445 + 169. Let b = 470 + o. Is b composite?
True
Is -1 + (6916 - 4) - 6 prime?
False
Suppose -3*f + 4*g + 20 = -0*f, -12 = -5*f - 4*g. Suppose f*x + 5 = 5*i, 2*x - 15 = -2*i + i. Suppose i*o = 553 - 138. Is o composite?
False
Is 1925575/175 + 4/(-14) prime?
True
Let z be 8 - (7 - (-3 - -5)). Suppose -4952 = -z*k - k. Is k a composite number?
True
Suppose 0 = q + 4*q - 20. Suppose 17 = -y - q*h + 3*h, -4*y = 3*h + 69. Is y/63 - 583/(-7) a prime number?
True
Suppose -15*m + 316604 = 8279. Is m a prime number?
False
Let r be (-18)/14 - -1 - 5777/(-7). Let m = -176 + r. Is m prime?
False
Let i = -506 - -66. Let w = 739 + i. Is w prime?
False
Suppose 5*u = 5*a + 55720, 2*a + 22254 + 22332 = 4*u. Is u a prime number?
True
Is ((-541)/6)/((-8)/48) prime?
True
Suppose 15*s - 14*s = 5. Is 7/(28/16) + 11445/s a composite number?
False
Suppose -2*m + 1982 = -7016. Is m composite?
True
Let v(t) = 55*t**3 - 17. Is v(6) a composite number?
False
Suppose 4*z + 4*n = 19464, -5*z - 7771 = 2*n - 32086. Is z composite?
False
Suppose 4*a + 5*o + 92 = 0, 2*a + 6*o = 3*o - 48. Let s be (a/30)/(1/(-5)). Suppose s*n - 1007 = 400. Is n composite?
True
Let m = 206 + -95. Suppose 5*n + 19 - 279 = 0. Let f = m - n. Is f a prime number?
True
Let p be (8 - 4)*7763/4. Is p/2*(-6)/(-3) composite?
True
Let a(q) = 7*q**2 + 15*q + 3. Let x(o) = -o**2 - 21*o - 19. Let m be x(-21). Is a(m) prime?
False
Let d be (46/4)/((-573)/(-114) - 5). Let y = d - 214. Is y prime?
True
Let d(w) = 261*w + 262*w - 526*w + 23*w**2 + 17. Is d(7) a composite number?
False
Suppose 49816 = 4*y + 3*l + 20637, 0 = y - 4*l - 7309. Is y composite?
False
Let i(k) = -k**3 + 4*k**2 + 4*k + 3. Let o be i(6). Let w be (1098/o)/(4/(-10)). Let m = w + -8. Is m prime?
True
Let u(n) be the first derivative of -5/2*n**2 - 1/3*n**3 - 2*n - 4. Is u(-3) a prime number?
False
Suppose -1475 = -5*w + 390. Suppose -2*x + w = -x. Is x a composite number?
False
Suppose 0 = -5*b + 4*b + 11. Suppose 0 = b*q + 2435 - 7726. Is q a composite number?
True
Let z = 9951 - -14366. Is z a composite number?
False
Let k(r) = r + 9. Let n be k(-5). Suppose -5*s + q = n - 5, 5 = 2*s - 5*q. Suppose -3*j + 873 = -2*l - l, s = -5*j + 2*l + 1443. Is j a composite number?
True
Suppose 0 = 5*q - 52658 - 16397. Is q prime?
False
Suppose 3*u = 13*u - 100. Suppose 19*j = u*j + 15237. Is j composite?
False
Let c(m) = 199*m**2 - 11*m + 115. Is c(17) composite?
True
Suppose -3*u + 2*u = 45. Let f = 482 + u. Is f prime?
False
Let s = -15 + 10. Let h(m) = -m**3 - m**2 + m - 2. Let w be h(s). Let o = w - 38. Is o composite?
True
Let i(a) = 65*a**3 + 2*a**2 + 6*a - 12. Is i(7) composite?
True
Suppose 23*i = 96*i - 113807. Is i composite?
False
Suppose 13*c + 2*u = 15*c - 30586, -2*c + 30582 = -3*u. Is c prime?
False
Suppose -5*g + 6 = -4. Let i(p) = 2 - 15 - p**g + 4*p**2 + 5. Is i(7) prime?
True
Suppose -4*l + 80200 = 4*n, -3*n + 6*l = 6394 - 66571. Is n a prime number?
False
Suppose 4*d - 9*d = -7685. Is d a composite number?
True
Suppose -1057 = -3*l - a, -6*a - 8 = -2*a. Is l composite?
False
Let t = -29668 - -47721. Is t a composite number?
True
Let d be 378 - (-6 + 8) - 2/(-1). Suppose -2*l + 2*v + d = 0, 4*l = -3*v + v + 732. Is l composite?
True
Suppose -6*m - 112 = m. Let k = m - -20. Suppose 3*z = -4*v + 221, -k*z + 0*z = 3*v - 157. Is v composite?
False
Let b be 8 + -1 + -2 + -2445. Let u =